{"id":16,"date":"2011-08-30T22:18:44","date_gmt":"2011-08-30T22:18:44","guid":{"rendered":"http:\/\/www.praxisgemeinschaft-psychotherapie.ch\/praxis\/?page_id=16"},"modified":"2011-08-30T22:18:44","modified_gmt":"2011-08-30T22:18:44","slug":"praxisgemeinschaft-fur-psychotherapie","status":"publish","type":"page","link":"https:\/\/www.praxisgemeinschaft-psychotherapie.ch\/praxis\/praxisgemeinschaft-fur-psychotherapie\/","title":{"rendered":"Praxisgemeinschaft f\u00fcr Psychotherapie"},"content":{"rendered":"<p>Guten Tag und herzlich Willkommen auf unserer Webseite! Wir freuen uns, dass Sie den Weg zu uns gefunden haben. Auf den nachfolgenden Seiten finden Sie alle wichtigen Informationen \u00fcber uns sowie unsere verschiedenen Angebote.<\/p>\n<p>Bei weiterf\u00fchrenden Fragen wenden Sie sich bitte direkt an uns.<\/p>\n<p>Mit den besten Gr\u00fcssen,<br \/>\nD. Gassmann und S.Tholen<\/p>\n","protected":false},"excerpt":{"rendered":"<p>Guten Tag und herzlich Willkommen auf unserer Webseite! Wir freuen uns, dass Sie den Weg zu uns gefunden haben. Auf den nachfolgenden Seiten finden Sie alle wichtigen Informationen \u00fcber uns sowie unsere verschiedenen Angebote. Bei weiterf\u00fchrenden Fragen wenden Sie sich bitte direkt an uns. Mit den besten Gr\u00fcssen, D. Gassmann und S.Tholen<\/p>\n","protected":false},"author":1,"featured_media":0,"parent":0,"menu_order":0,"comment_status":"open","ping_status":"open","template":"","meta":[],"yoast_head":"<!-- This site is optimized with the Yoast SEO plugin v15.2.1 - https:\/\/yoast.com\/wordpress\/plugins\/seo\/ -->\n<meta name=\"description\" content=\"Willkommen! Die Praxisgemeinschaft f\u00fcr Psychotherapie - Bundesgasse 16, 3011 Bern, Schweiz. Angebot: Psychotherapie, Selbsterfahrung, Supervision und Weiterbildung.\" \/>\n<meta name=\"robots\" content=\"index, follow, max-snippet:-1, max-image-preview:large, max-video-preview:-1\" \/>\n<link rel=\"canonical\" href=\"https:\/\/www.praxisgemeinschaft-psychotherapie.ch\/praxis\/praxisgemeinschaft-fur-psychotherapie\/\" \/>\n<meta property=\"og:locale\" content=\"en_US\" \/>\n<meta property=\"og:type\" content=\"article\" \/>\n<meta property=\"og:title\" content=\"Praxisgemeinschaft f\u00fcr Psychotherapie - Bundesgasse, Bern, Schweiz\" \/>\n<meta property=\"og:description\" content=\"Willkommen! Die Praxisgemeinschaft f\u00fcr Psychotherapie - Bundesgasse 16, 3011 Bern, Schweiz. Angebot: Psychotherapie, Selbsterfahrung, Supervision und Weiterbildung.\" \/>\n<meta property=\"og:url\" content=\"https:\/\/www.praxisgemeinschaft-psychotherapie.ch\/praxis\/praxisgemeinschaft-fur-psychotherapie\/\" \/>\n<meta property=\"og:site_name\" content=\"Praxisgemeinschaft f\u00fcr Psychotherapie\" \/>\n<meta name=\"twitter:label1\" content=\"Written by\">\n\t<meta name=\"twitter:data1\" content=\"admin\">\n\t<meta name=\"twitter:label2\" content=\"Est. reading time\">\n\t<meta name=\"twitter:data2\" content=\"0 minutes\">\n<script type=\"application\/ld+json\" class=\"yoast-schema-graph\">{\"@context\":\"https:\/\/schema.org\",\"@graph\":[{\"@type\":\"WebSite\",\"@id\":\"https:\/\/www.praxisgemeinschaft-psychotherapie.ch\/praxis\/#website\",\"url\":\"https:\/\/www.praxisgemeinschaft-psychotherapie.ch\/praxis\/\",\"name\":\"Praxisgemeinschaft f\\u00fcr Psychotherapie\",\"description\":\"Just another WordPress site\",\"potentialAction\":[{\"@type\":\"SearchAction\",\"target\":\"https:\/\/www.praxisgemeinschaft-psychotherapie.ch\/praxis\/?s={search_term_string}\",\"query-input\":\"required name=search_term_string\"}],\"inLanguage\":\"en-US\"},{\"@type\":\"WebPage\",\"@id\":\"https:\/\/www.praxisgemeinschaft-psychotherapie.ch\/praxis\/praxisgemeinschaft-fur-psychotherapie\/#webpage\",\"url\":\"https:\/\/www.praxisgemeinschaft-psychotherapie.ch\/praxis\/praxisgemeinschaft-fur-psychotherapie\/\",\"name\":\"Praxisgemeinschaft f\\u00fcr Psychotherapie - Bundesgasse, Bern, Schweiz\",\"isPartOf\":{\"@id\":\"https:\/\/www.praxisgemeinschaft-psychotherapie.ch\/praxis\/#website\"},\"datePublished\":\"2011-08-30T22:18:44+00:00\",\"dateModified\":\"2011-08-30T22:18:44+00:00\",\"description\":\"Willkommen! Die Praxisgemeinschaft f\\u00fcr Psychotherapie - Bundesgasse 16, 3011 Bern, Schweiz. Angebot: Psychotherapie, Selbsterfahrung, Supervision und Weiterbildung.\",\"inLanguage\":\"en-US\",\"potentialAction\":[{\"@type\":\"ReadAction\",\"target\":[\"https:\/\/www.praxisgemeinschaft-psychotherapie.ch\/praxis\/praxisgemeinschaft-fur-psychotherapie\/\"]}]}]}<\/script>\n<!-- \/ Yoast SEO plugin. -->","_links":{"self":[{"href":"https:\/\/www.praxisgemeinschaft-psychotherapie.ch\/praxis\/wp-json\/wp\/v2\/pages\/16"}],"collection":[{"href":"https:\/\/www.praxisgemeinschaft-psychotherapie.ch\/praxis\/wp-json\/wp\/v2\/pages"}],"about":[{"href":"https:\/\/www.praxisgemeinschaft-psychotherapie.ch\/praxis\/wp-json\/wp\/v2\/types\/page"}],"author":[{"embeddable":true,"href":"https:\/\/www.praxisgemeinschaft-psychotherapie.ch\/praxis\/wp-json\/wp\/v2\/users\/1"}],"replies":[{"embeddable":true,"href":"https:\/\/www.praxisgemeinschaft-psychotherapie.ch\/praxis\/wp-json\/wp\/v2\/comments?post=16"}],"version-history":[{"count":0,"href":"https:\/\/www.praxisgemeinschaft-psychotherapie.ch\/praxis\/wp-json\/wp\/v2\/pages\/16\/revisions"}],"wp:attachment":[{"href":"https:\/\/www.praxisgemeinschaft-psychotherapie.ch\/praxis\/wp-json\/wp\/v2\/media?parent=16"}],"curies":[{"name":"wp","href":"https:\/\/api.w.org\/{rel}","templated":true}]}}